{"id":39,"date":"2015-11-15T14:54:13","date_gmt":"2015-11-15T13:54:13","guid":{"rendered":"http:\/\/kulturzelle.ch\/site\/?page_id=39"},"modified":"2018-02-05T23:54:57","modified_gmt":"2018-02-05T22:54:57","slug":"la-gaiola","status":"publish","type":"page","link":"https:\/\/marketingzelle.ch\/site\/entstehung-der-stadt\/la-gaiola\/","title":{"rendered":"La Gaiola"},"content":{"rendered":"<p style=\"text-align: justify;\">Napoli ist nicht nur eine Metropole des Chaos, sondern auch eine Oase des Friedens. Direkt gegen\u00fcber der ber\u00fchmten Posillipo K\u00fcste liegt eine winzige Insel: La Gaiola. Einen atemberaubenden Rundblick ueber den Golf von Neapel und Pozzuoli.<\/p>\n<p style=\"text-align: justify;\">Das Gebiet bildet den <strong>archeologischen Park<\/strong>\u00a0<strong>Pausilypon\u00a0<\/strong>und im Meer eine geschuetzte Unterwasser-Welt: \u00a0<strong>Parco sommerso della Gaiola<\/strong>\u00a0.<\/p>\n","protected":false},"excerpt":{"rendered":"<p>Napoli ist nicht nur eine Metropole des Chaos, sondern auch eine Oase des Friedens. Direkt gegen\u00fcber der ber\u00fchmten Posillipo K\u00fcste liegt eine winzige Insel: La Gaiola. Einen atemberaubenden Rundblick ueber den Golf von Neapel und Pozzuoli. Das Gebiet bildet den archeologischen Park\u00a0Pausilypon\u00a0und im Meer eine geschuetzte Unterwasser-Welt: \u00a0Parco sommerso della Gaiola\u00a0.<\/p>\n","protected":false},"author":1,"featured_media":742,"parent":246,"menu_order":0,"comment_status":"closed","ping_status":"closed","template":"","meta":[],"_links":{"self":[{"href":"https:\/\/marketingzelle.ch\/site\/wp-json\/wp\/v2\/pages\/39"}],"collection":[{"href":"https:\/\/marketingzelle.ch\/site\/wp-json\/wp\/v2\/pages"}],"about":[{"href":"https:\/\/marketingzelle.ch\/site\/wp-json\/wp\/v2\/types\/page"}],"author":[{"embeddable":true,"href":"https:\/\/marketingzelle.ch\/site\/wp-json\/wp\/v2\/users\/1"}],"replies":[{"embeddable":true,"href":"https:\/\/marketingzelle.ch\/site\/wp-json\/wp\/v2\/comments?post=39"}],"version-history":[{"count":20,"href":"https:\/\/marketingzelle.ch\/site\/wp-json\/wp\/v2\/pages\/39\/revisions"}],"predecessor-version":[{"id":1327,"href":"https:\/\/marketingzelle.ch\/site\/wp-json\/wp\/v2\/pages\/39\/revisions\/1327"}],"up":[{"embeddable":true,"href":"https:\/\/marketingzelle.ch\/site\/wp-json\/wp\/v2\/pages\/246"}],"wp:featuredmedia":[{"embeddable":true,"href":"https:\/\/marketingzelle.ch\/site\/wp-json\/wp\/v2\/media\/742"}],"wp:attachment":[{"href":"https:\/\/marketingzelle.ch\/site\/wp-json\/wp\/v2\/media?parent=39"}],"curies":[{"name":"wp","href":"https:\/\/api.w.org\/{rel}","templated":true}]}}