{"id":264,"date":"2016-02-11T19:06:15","date_gmt":"2016-02-11T18:06:15","guid":{"rendered":"http:\/\/kulturzelle.ch\/site\/?page_id=264"},"modified":"2025-10-02T16:59:20","modified_gmt":"2025-10-02T14:59:20","slug":"dolce-vita-2","status":"publish","type":"page","link":"https:\/\/marketingzelle.ch\/site\/dolce-vita-2\/","title":{"rendered":"Das s\u00fcsse Leben"},"content":{"rendered":"<p>Einfach \u201ela dolce vita\u201c geniessen!<\/p>\n<p>Geniessen Sie sehr entspannt die Ferien im S\u00fcden, ob im Luxushotel oder mit dem Gef\u00fchl, im eigenen Haus zu leben \u2013 Sie haben die Wahl.<\/p>\n<p>Wir organisieren f\u00fcr Sie ein gem\u00fctliches Urlaubs\u00f6rtchen f\u00fcr Familien, Paare und Singles. Dort, wo die Touristenmassen noch unbekannt sind.<\/p>\n<p>Selbstverst\u00e4ndlich werden Essen und Trinken ein ganz besonderes Extra sein.<\/p>\n","protected":false},"excerpt":{"rendered":"<p>Einfach \u201ela dolce vita\u201c geniessen! Geniessen Sie sehr entspannt die Ferien im S\u00fcden, ob im Luxushotel oder mit dem Gef\u00fchl, im eigenen Haus zu leben \u2013 Sie haben die Wahl. Wir organisieren f\u00fcr Sie ein gem\u00fctliches Urlaubs\u00f6rtchen f\u00fcr Familien, Paare und Singles. Dort, wo die Touristenmassen noch unbekannt sind. Selbstverst\u00e4ndlich werden Essen und Trinken ein&hellip;<a href=\"https:\/\/marketingzelle.ch\/site\/dolce-vita-2\/\" class=\"button\">Weiterlesen <span class=\"screen-reader-text\">Das s\u00fcsse Leben<\/span><\/a><\/p>\n","protected":false},"author":1,"featured_media":0,"parent":0,"menu_order":0,"comment_status":"closed","ping_status":"closed","template":"","meta":[],"_links":{"self":[{"href":"https:\/\/marketingzelle.ch\/site\/wp-json\/wp\/v2\/pages\/264"}],"collection":[{"href":"https:\/\/marketingzelle.ch\/site\/wp-json\/wp\/v2\/pages"}],"about":[{"href":"https:\/\/marketingzelle.ch\/site\/wp-json\/wp\/v2\/types\/page"}],"author":[{"embeddable":true,"href":"https:\/\/marketingzelle.ch\/site\/wp-json\/wp\/v2\/users\/1"}],"replies":[{"embeddable":true,"href":"https:\/\/marketingzelle.ch\/site\/wp-json\/wp\/v2\/comments?post=264"}],"version-history":[{"count":9,"href":"https:\/\/marketingzelle.ch\/site\/wp-json\/wp\/v2\/pages\/264\/revisions"}],"predecessor-version":[{"id":907,"href":"https:\/\/marketingzelle.ch\/site\/wp-json\/wp\/v2\/pages\/264\/revisions\/907"}],"wp:attachment":[{"href":"https:\/\/marketingzelle.ch\/site\/wp-json\/wp\/v2\/media?parent=264"}],"curies":[{"name":"wp","href":"https:\/\/api.w.org\/{rel}","templated":true}]}}